{"id":34,"date":"2024-03-18T15:50:35","date_gmt":"2024-03-18T14:50:35","guid":{"rendered":"https:\/\/sm4rt.fr\/?page_id=34"},"modified":"2024-03-19T22:50:53","modified_gmt":"2024-03-19T21:50:53","slug":"qui-nous-sommes","status":"publish","type":"page","link":"https:\/\/sm4rt.fr\/index.php\/qui-nous-sommes\/","title":{"rendered":"Qui nous sommes ?"},"content":{"rendered":"\n<div class=\"wp-block-cover\" style=\"min-height:149px;aspect-ratio:unset;\"><span aria-hidden=\"true\" class=\"wp-block-cover__background has-background-dim\"><\/span><video class=\"wp-block-cover__video-background intrinsic-ignore\" autoplay muted loop playsinline src=\"https:\/\/sm4rt.fr\/wp-content\/uploads\/2024\/03\/SAVOIR-POUR-PREVOIR.mp4\" data-object-fit=\"cover\"><\/video><div class=\"wp-block-cover__inner-container is-layout-constrained wp-block-cover-is-layout-constrained\">\n<h1 class=\"wp-block-heading alignwide has-text-align-center\">QUI NOUS SOMMES ? <\/h1>\n<\/div><\/div>\n\n\n\n<div style=\"height:31px\" aria-hidden=\"true\" class=\"wp-block-spacer\"><\/div>\n\n\n\n<div class=\"wp-block-media-text is-stacked-on-mobile is-vertically-aligned-center\" style=\"grid-template-columns:33% auto\"><figure class=\"wp-block-media-text__media\"><img loading=\"lazy\" decoding=\"async\" width=\"375\" height=\"375\" src=\"https:\/\/sm4rt.fr\/wp-content\/uploads\/2024\/03\/IMG_9324.jpeg\" alt=\"\" class=\"wp-image-231 size-full\" srcset=\"https:\/\/sm4rt.fr\/wp-content\/uploads\/2024\/03\/IMG_9324.jpeg 375w, https:\/\/sm4rt.fr\/wp-content\/uploads\/2024\/03\/IMG_9324-300x300.jpeg 300w, https:\/\/sm4rt.fr\/wp-content\/uploads\/2024\/03\/IMG_9324-150x150.jpeg 150w\" sizes=\"auto, (max-width: 375px) 100vw, 375px\" \/><\/figure><div class=\"wp-block-media-text__content\">\n<h2 class=\"wp-block-heading has-neve-text-color-color has-text-color\">Notre philosophie : <\/h2>\n\n\n\n<p class=\"has-neve-text-color-color has-text-color has-medium-font-size\">Passer un dipl\u00f4me n\u2019est pas le seul moyen d\u2019acqu\u00e9rir des comp\u00e9tences.&nbsp;<br>Aussi nous sommes&nbsp;convaincus qu\u2019il est indispensable pour&nbsp;chacun de :<\/p>\n\n\n\n<ul class=\"wp-block-list\">\n<li>S&rsquo;int\u00e9resser \u00e0 son environnement professionel <\/li>\n\n\n\n<li>Continuer de s&rsquo;instruire<\/li>\n\n\n\n<li>Se former<\/li>\n\n\n\n<li>S\u2019adapter \u00e0 son environnement en d\u00e9veloppant de nouvelles comp\u00e9tences <\/li>\n\n\n\n<li>Partager <\/li>\n<\/ul>\n\n\n\n<p><strong>SM4RT&nbsp;<\/strong>accompagne toutes les&nbsp;entreprises qui&nbsp;souhaitent mettre en place des parcours de formation interne&nbsp;et\/ou&nbsp;externe sur l\u2019organisation d\u2019un parcours de formation ainsi que sur les diff\u00e9rents dispositifs de leur prise en&nbsp;charge<\/p>\n\n\n\n<p>La formation de vos collaborateurs fait partie de vos&nbsp;pr\u00e9occupations.&nbsp;<\/p>\n\n\n\n<p><strong>SM4RT vous accompagne pour l\u2019optimiser et la faire\u00a0financer<\/strong>.<\/p>\n\n\n\n<p> <\/p>\n<\/div><\/div>\n\n\n\n<div style=\"height:100px\" aria-hidden=\"true\" class=\"wp-block-spacer\"><\/div>\n\n\n<div class=\"wp-block-image\">\n<figure class=\"aligncenter size-large is-resized\"><img loading=\"lazy\" decoding=\"async\" width=\"1024\" height=\"267\" src=\"https:\/\/sm4rt.fr\/wp-content\/uploads\/2024\/03\/Design-sans-titre-3-2-1024x267.png\" alt=\"\" class=\"wp-image-218\" style=\"width:947px;height:auto\" srcset=\"https:\/\/sm4rt.fr\/wp-content\/uploads\/2024\/03\/Design-sans-titre-3-2-1024x267.png 1024w, https:\/\/sm4rt.fr\/wp-content\/uploads\/2024\/03\/Design-sans-titre-3-2-300x78.png 300w, https:\/\/sm4rt.fr\/wp-content\/uploads\/2024\/03\/Design-sans-titre-3-2-768x200.png 768w, https:\/\/sm4rt.fr\/wp-content\/uploads\/2024\/03\/Design-sans-titre-3-2-1536x400.png 1536w, https:\/\/sm4rt.fr\/wp-content\/uploads\/2024\/03\/Design-sans-titre-3-2-2048x533.png 2048w\" sizes=\"auto, (max-width: 1024px) 100vw, 1024px\" \/><\/figure>\n<\/div>","protected":false},"excerpt":{"rendered":"","protected":false},"author":3,"featured_media":0,"parent":0,"menu_order":0,"comment_status":"closed","ping_status":"closed","template":"","meta":{"neve_meta_sidebar":"","neve_meta_container":"","neve_meta_enable_content_width":"on","neve_meta_content_width":100,"neve_meta_title_alignment":"","neve_meta_author_avatar":"","neve_post_elements_order":"","neve_meta_disable_header":"","neve_meta_disable_footer":"","neve_meta_disable_title":"on","footnotes":""},"class_list":["post-34","page","type-page","status-publish","hentry"],"_links":{"self":[{"href":"https:\/\/sm4rt.fr\/index.php\/wp-json\/wp\/v2\/pages\/34","targetHints":{"allow":["GET"]}}],"collection":[{"href":"https:\/\/sm4rt.fr\/index.php\/wp-json\/wp\/v2\/pages"}],"about":[{"href":"https:\/\/sm4rt.fr\/index.php\/wp-json\/wp\/v2\/types\/page"}],"author":[{"embeddable":true,"href":"https:\/\/sm4rt.fr\/index.php\/wp-json\/wp\/v2\/users\/3"}],"replies":[{"embeddable":true,"href":"https:\/\/sm4rt.fr\/index.php\/wp-json\/wp\/v2\/comments?post=34"}],"version-history":[{"count":13,"href":"https:\/\/sm4rt.fr\/index.php\/wp-json\/wp\/v2\/pages\/34\/revisions"}],"predecessor-version":[{"id":234,"href":"https:\/\/sm4rt.fr\/index.php\/wp-json\/wp\/v2\/pages\/34\/revisions\/234"}],"wp:attachment":[{"href":"https:\/\/sm4rt.fr\/index.php\/wp-json\/wp\/v2\/media?parent=34"}],"curies":[{"name":"wp","href":"https:\/\/api.w.org\/{rel}","templated":true}]}}